 greatest common divisor of 13648370 and 15.
5
What is the greatest common factor of 60610 and 165992607?
6061
Calculate the greatest common divisor of 605956 and 10062.
1118
Calculate the greatest common factor of 5885 and 41668047.
107
What is the highest common factor of 2336792 and 258?
86
Calculate the greatest common divisor of 1344 and 42696192.
1344
Calculate the highest common divisor of 11697 and 654927.
21
Calculate the greatest common factor of 824993022 and 2229.
2229
What is the highest common divisor of 18980 and 247?
13
What is the greatest common factor of 1140012 and 1719?
9
Calculate the greatest common factor of 67540936 and 93311.
4057
What is the highest common divisor of 289 and 168444806?
289
What is the highest common divisor of 2941 and 269236786?
2941
What is the greatest common divisor of 1912 and 75992?
8
Calculate the greatest common divisor of 369275 and 16150.
25
What is the greatest common divisor of 178 and 4402207?
89
What is the highest common factor of 1980 and 15353580?
660
What is the greatest common factor of 645355 and 2225885?
1685
Calculate the greatest common divisor of 3270425 and 75.
25
What is the greatest common divisor of 11711 and 132790?
49
What is the highest common divisor of 11613 and 2261?
7
Calculate the highest common factor of 3561829 and 538.
269
What is the highest common divisor of 289380025 and 125?
25
What is the greatest common factor of 144 and 29615796?
36
Calculate the highest common factor of 1620094 and 16684.
194
What is the greatest common divisor of 2319876980 and 20?
20
Calculate the greatest common factor of 276 and 7666797.
69
What is the highest common divisor of 385 and 27015065?
385
Calculate the greatest common factor of 112355470 and 5487.
1829
Calculate the highest common divisor of 113571917 and 986.
493
Calculate the greatest common factor of 936 and 932899032.
936
Calculate the highest common factor of 19 and 7966054.
19
Calculate the greatest common divisor of 330 and 249337275.
165
What is the highest common divisor of 31856 and 14146?
22
What is the highest common divisor of 423449 and 2405?
13
Calculate the highest common factor of 979 and 115819.
11
Calculate the highest common factor of 10923 and 5885842.
331
What is the highest common factor of 5203 and 12440373?
5203
Calculate the highest common divisor of 7955 and 558071.
37
What is the highest common factor of 511 and 743414?
7
What is the greatest common divisor of 4080 and 284744730?
510
What is the greatest common factor of 7389866 and 306?
34
What is the greatest common factor of 42542703 and 2485?
497
Calculate the highest common divisor of 2748496 and 1821.
607
What is the highest common divisor of 3453312 and 16008?
552
What is the greatest common factor of 135044370 and 10?
10
What is the highest common factor of 4763 and 6875?
11
What is the highest common factor of 110 and 278360104?
22
Calculate the highest common divisor of 1023009 and 221.
221
What is the greatest common factor of 454552380 and 87?
87
What is the greatest common factor of 30464 and 683808?
544
Calculate the highest common factor of 5640003 and 135.
27
What is the highest common factor of 4828852 and 497?
497
What is the highest common factor of 3634 and 394427092?
3634
Calculate the highest common factor of 4344 and 6014992.
1448
Calculate the greatest common divisor of 144762461 and 29.
29
Calculate the greatest common divisor of 36 and 44566668.
36
What is the highest common divisor of 912425 and 2025?
25
What is the highest common divisor of 170 and 8114570?
10
Calculate the highest common factor of 3600120 and 205.
5
What is the greatest common divisor of 2398 and 2770889?
1199
Calculate the greatest common divisor of 2380772 and 27775.
101
Calculate the highest common divisor of 51298422 and 42.
42
Calculate the greatest common factor of 5632 and 5303584.
352
What is the highest common factor of 3636181 and 272?
17
Calculate the highest common factor of 19601 and 417299.
17
What is the highest common factor of 6531892 and 1544?
772
Calculate the highest common factor of 3871329 and 46959.
33
What is the highest common factor of 33239238 and 6?
6
Calculate the greatest common factor of 85678192 and 2624.
656
What is the highest common divisor of 12 and 40403068?
4
What is the greatest common divisor of 489285 and 534105?
3735
What is the highest common divisor of 66 and 1988085?
33
Calculate the greatest common factor of 108 and 8876241.
9
Calculate the highest common divisor of 106413 and 148125.
237
Calculate the highest common factor of 527032 and 1672.
88
What is the greatest common factor of 899 and 998913?
31
Calculate the highest common divisor of 25626738 and 138.
138
What is the greatest common factor of 30530709 and 54?
27
What is the highest common divisor of 5803 and 3618170500?
5803
Calculate the highest common divisor of 677695 and 1294302.
1909
Calculate the greatest common factor of 363520 and 10080.
160
Calculate the greatest common divisor of 649 and 1460899.
649
Calculate the highest common factor of 176500 and 221500.
500
What is the highest common factor of 832 and 15984656?
16
What is the highest common factor of 7735 and 13843865?
595
What is the greatest common factor of 4251 and 1814959?
109
Calculate the highest common divisor of 1150038936 and 18.
18
What is the greatest common factor of 2729394 and 4268612?
5722
What is the greatest common factor of 7371166 and 1309?
187
What is the highest common factor of 4840 and 2222?
22
Calculate the highest common factor of 87780 and 31303965.
1155
Calculate the greatest common divisor of 74744223 and 459.
51
Calculate the greatest common divisor of 295288266 and 2652.
1326
Calculate the highest common divisor of 120781 and 216814.
269
What is the highest common factor of 11221 and 4044598?
229
Calculate the greatest common divisor of 97413 and 9346521.
5127
Calculate the highest common divisor of 4777998 and 894.
6
What is the greatest common divisor of 21164432 and 12?
4
What is the greatest common factor of 1548 and 13014?
18
Calculate the highest common divisor of 104489 and 109227349.
4543
Calculate the highest common divisor of 1013222 and 422576.
4802
Calculate the highest common factor of 15978327 and 129.
129
What is the greatest common factor of 438 and 212538?
6
Calculate the greatest common divisor of 1197 and 2411199.
63
What is the greatest common factor of 5355986 and 1411?
17
What is the highest common factor of 6959194 and 30250?
242
Calculate the greatest common factor of 123775386 and 7714.
266
What is the highest common divisor of 38783635 and 23276?
5819
What is the highest common divisor of 29725758 and 153?
153
What is the greatest common factor of 14240 and 260649850?
890
What is the highest common factor of 13208568 and 86172?
516
What is the greatest common divisor of 117 and 62586927?
117
Calculate the highest common factor of 79727047 and 721.
103
Calculate the highest common factor of 3542232123 and 9.
9
Calculate the greatest common divisor of 24 and 163251906.
6
What is the highest common divisor of 82 and 846754878?
82
What is the highest common factor of 12 and 221249676?
12
Calculate the highest common divisor of 169816 and 880.
8
What is the greatest common factor of 5816905 and 228245?
955
Calculate the highest common divisor of 4872 and 811608.
168
What is the highest common divisor of 406 and 33264479?
29
What is the highest common divisor of 5473 and 1268473?
421
Calculate the greatest common divisor of 25844022 and 123.
123
What is the highest common factor of 385 and 411843355?
385
Calculate the greatest common factor of 92289255 and 505.
505
What is the greatest common divisor of 127 and 2612?
1
Calculate the greatest common factor of 1113001 and 361.
19
Calculate the greatest common divisor of 119 and 14541877.
7
Calculate the highest common divisor of 226 and 1045113383.
113
What is the greatest common divisor of 865 and 29459305?
865
What is the highest common divisor of 417 and 42368451?
417
Calculate the greatest common factor of 4565 and 13577140.
415
Calculate the highest common divisor of 546 and 26409390.
42
Calculate the greatest common divisor of 163977 and 4653.
33
Calculate the highest common